 be the first derivative of -h**3/3 - 5*h**2/2 - 3. Let o be v(-4). Let c(d) = 2*d + 5 + 1 - 3*d. Give c(o).
2
Let m(h) = -h**2 + h + 2. Let x be m(0). Let k(v) = 4 - v + x*v + 0*v. What is k(3)?
7
Let a(u) be the first derivative of -u**4/4 + 2*u**3/3 + u**2 - u + 3. Suppose 5*r - 6 - 4 = 0. Give a(r).
3
Let s(j) = 7*j**2 + 13*j - 5. Let v(q) = 8*q**2 + 14*q - 6. Let b(c) = 7*s(c) - 6*v(c). Calculate b(-7).
1
Let v(r) = r**3 - r**2 + 2*r - 1. Let g = -9 - -10. What is v(g)?
1
Let o(l) = -6*l**3 - l**2 + 10*l. Let b(j) = -j**3 + 2*j. Let q(n) = 11*b(n) - 2*o(n). What is q(-2)?
-4
Let w(s) = s**2 - 10*s + 11. Let d be w(9). Suppose d*k - 11 = 3. Suppose 10 = -k*q + 5*q. Let f(p) = p**2 + 5*p + 2. Calculate f(q).
2
Let p(q) = q**2 + 7*q. Let i = 24 + -16. Let w = i - 14. Determine p(w).
-6
Let p(j) = -j**2 + 6*j + 1. Let v be (2 - 3)*10/(-2). Let r be (5/(-3))/(v/(-15)). Determine p(r).
6
Let r(u) = u**2 + 10*u + 1. Let z be r(-10). Let c(x) = -x - 2. Let v(n) = -n - 3. Let s(b) = -5*c(b) + 4*v(b). Calculate s(z).
-1
Let i(a) = 2*a - 4*a + 23 - 38 + 16. What is i(-1)?
3
Let g(f) = -f + 5. Let d = 16 - 13. Let q = 3 - d. Give g(q).
5
Let p(t) = -t**3 - t**2 + 4*t. Let c = 15 - 21. Let r(a) = -10 - 2*a + 1 + a. Let x be r(c). What is p(x)?
6
Let s = -56 - -48. Let w(u) = u**2 + 8*u + 7. Calculate w(s).
7
Suppose z - 40 = -3*a, -3*z + 0*a - 2*a = -85. Suppose o - 5*s + z = 0, -3*o = o + 5*s. Let d(n) = -2*n - 7. Give d(o).
3
Let y(p) = 4*p**3 + 2*p**2 - 5*p - 6. Let u(a) = -a**2 + 11*a + 15. Let x be u(12). Let d(l) = l**3 - l**2 - 1. Let m(j) = x*d(j) - y(j). Determine m(-6).
9
Let m(a) = 3*a + 3 - 1 - 6 - a. Give m(3).
2
Let d = 3 + 0. Let w(c) = -c**3 + c + c - 5*c**2 + 1 + 2*c**d. Let z(h) = 5*h**3 - h**2 - h + 1. Let f be z(1). Determine w(f).
-7
Suppose 5*o - 31 = -4*h, -o + 0*o + 11 = 2*h. Let n(p) be the first derivative of 2/3*p**o + 0*p**2 + 2 + 0*p. What is n(-1)?
2
Let o(y) = -y**3 + 2*y**2 + y + 1. Let l(q) = -q**2 - 5*q + 4. Let v be l(-7). Let a = 13 + v. Determine o(a).
-5
Let w(k) = k**2 + k - 4. Let h be (3/(-2))/((-8)/(-16)). Let d be 5*(-2 - 3/h). Let x(u) = -u**2 - 3*u + 7. Let a be x(d). What is w(a)?
2
Suppose 3*r = 3*y - 5 - 4, 2*r + 11 = 3*y. Let g = 2 + r. Let b(j) = -3*j + 0*j - 7 + 4*j. Calculate b(g).
-3
Let r = 5 - 3. Suppose 2*s + 0*s - 6 = -2*u, 14 = -r*u + 3*s. Let m(o) = -o**2 - 5*o**3 + 1 - 2*o**3 + 0. What is m(u)?
7
Let c = -7 + 14. Let o(k) = -3*k - 6 - 3*k + c*k + 13. What is o(-6)?
1
Let d = -59 + 64. Let u(c) = -c**3 + 5*c**2 + 4*c - 2. Determine u(d).
18
Suppose 0*h - 2 = -h. Let d be 5/h + (-2)/(-4). Let t(x) = 9*x - d*x - 2*x**2 - 4 + x**2. Give t(4).
4
Let a(c) be the third derivative of -c**6/720 + c**5/120 + c**4/8 + c**2. Let o(i) be the second derivative of a(i). Calculate o(2).
-1
Suppose -h + 57 = 53. Let a(w) = 2 - w**2 + 3*w - 3*w + 4*w. Determine a(h).
2
Let f(y) = y + 6. Let b = 21 - 21. What is f(b)?
6
Suppose q + 3*n - 8 = 0, -3*q - 3*n + n = -17. Let x(y) = -y + 4. Determine x(q).
-1
Let t(f) = 3*f + 3. Let s = 1 + -6. Let a = -5 + 13. Let y be 4/(-10) + a/s. Determine t(y).
-3
Let f(r) = -1 + 2*r + 2*r - r. Suppose 4*j = 5*k, 0 = -2*j - 3*j + k. Suppose -4 + j = -4*n. Give f(n).
2
Suppose 0 = -5*q, 0*t - 4*t = -2*q + 4. Let z(h) = -h - 3. Let r(x) = -3*x - 8. Let n(j) = 4*r(j) - 11*z(j). What is n(t)?
2
Let r = 31 - 34. Let j(k) = -k**2 + 2*k - 2. Determine j(r).
-17
Let x(z) = 33 + z - 10*z**3 + 2*z**3 + z**2 + 7*z**3. Give x(0).
33
Let z(n) = -5*n**2 - 1. Let b = -14 + 5. Let h = b - -8. Calculate z(h).
-6
Let y(f) = 3*f - 66. Let j be y(24). Let n(m) = m**2 - 8*m + 9. Determine n(j).
-3
Let b(d) be the third derivative of -d**4/12 - 10*d**2. Give b(5).
-10
Let q(k) = k - 16. Let l(s) = 2*s - 33. Let p(h) = -4*l(h) + 9*q(h). What is p(6)?
-6
Let z(n) = -4*n - 6. Let x(a) = -7*a - 12. Let q(w) = 3*x(w) - 5*z(w). What is q(-6)?
0
Let y be (14 - 18)*3/(-2). Suppose y*v = v - 30. Let j(m) = -3*m**2 - 21*m - 17. Let c(k) = k**2 + 7*k + 6. Let o(b) = -17*c(b) - 6*j(b). Give o(v).
-6
Let y(q) = -q**3 - 4*q**2 - 2. Let g(r) = -3*r**3 + r + 1. Let d be g(-1). Suppose -3 = 2*l + d. What is y(l)?
-11
Let s = -3 - 2. Let u(d) = 3 + 0 - d - 5 + 7. Give u(s).
10
Let y(k) = -k**2 - 5*k + 8. Let o = -31 - -25. Give y(o).
2
Let b(a) = -a + 6. Let f(y) be the second derivative of y**3/2 - 9*y**2 - y. Suppose -t - n = 5 - 0, -5 = -t + 4*n. Let h(x) = t*f(x) - 8*b(x). What is h(4)?
2
Let u(a) be the first derivative of a**2/2 - 15. Determine u(4).
4
Let i(y) = y - 3. Let d be i(5). Let h be 0 + (2 - (d + -2)). Let n(w) = w**3 - 4*w**2 + 3*w - 1. Give n(h).
-3
Let v(f) = -f**2 - 11*f - 2. Let j be v(-10). Let d(k) = -7*k**2 + j*k + 0 - 2*k**3 + 5 - 3*k + 3*k**3. Determine d(6).
-1
Let w(i) = 2*i**2 - i. Let l = -17 + 18. Calculate w(l).
1
Let w(n) = -3*n**3 + n**2 - 7*n**2 - n + 4*n**3 + 5 + 9*n**2. Determine w(-4).
-7
Let m(n) = -5*n**2 + n + 2*n - 6 + n**3 - 2*n. Let y be (-1)/(3/(-21)) + -1. Let w be (-2 - (1 + -2)) + y. What is m(w)?
-1
Let c(w) = 2*w. Let l(a) = 2*a. Let p(d) = 6*c(d) - 5*l(d). Let n be 4*(-2 - 3)/10. Determine p(n).
-4
Let o(q) = -3*q**3 + q**2 + 12 - 2*q**3 - 5 - 8. Give o(1).
-5
Let z = 9 - 5. Let t = z - 3. Let r(d) = -d - t + 5 - 3. Determine r(0).
1
Let w = -45 - -46. Let r(m) = -5*m**2 + m. Determine r(w).
-4
Let p(i) be the third derivative of -i**5/60 - i**4/4 + 4*i**3/3 - 3*i**2. What is p(-6)?
8
Suppose 4*m - 2*m = 10. Suppose -5*c - m = h, 0 = -5*h + 11 - 36. Let i(r) = -5*r - 16. Let f(d) = -d - 4. Let v(g) = 9*f(g) - 2*i(g). Determine v(c).
-4
Suppose 2*g + 6 = 4*b, 3*b - 2*b = -g + 6. Let j(f) = 0 - f**2 - g + 14*f - 16*f. Calculate j(-2).
-3
Let d(i) be the first derivative of -i**6/360 + i**5/60 + i**4/8 + 2*i**3/3 - 5. Let a(v) be the third derivative of d(v). Determine a(5).
-12
Suppose f = -2*f - 5*w - 16, 0 = -f - 3*w - 12. Suppose 0*p + f*a - 17 = -4*p, -a + 1 = -p. Let l(r) = 2 + r**p - 3 + 3. Calculate l(0).
2
Let z = -2 + 6. Let y = 7 + -13. Let o = z + y. Let q(v) = 3*v + 2. Determine q(o).
-4
Let c(p) be the first derivative of p**3/3 + 2*p**2 + 2*p - 55. Determine c(-5).
7
Let f(w) = -w**2 + 7*w + 22. Let g be f(9). Let j(p) = -p**3 + 5*p**2 - 4*p + 4. Give j(g).
4
Suppose 16 = 2*k + 2*n - 6*n, 5*k - 3*n - 26 = 0. Let a(h) = h**3 - 2*h**2 - 5*h + 1. Determine a(k).
13
Let x(n) = 2*n - 2. Let v be x(3). Let f(q) = 1. Let k = 10 + -7. Let o(j) = j + 6. Let p(a) = k*f(a) - o(a). Give p(v).
-7
Let u = 17 + -13. Suppose -u*m - 5*s = -22, -s + 25 = 5*m + 4*s. Let k(t) = -2*t. What is k(m)?
-6
Let w(b) be the second derivative of 1/2*b**2 + 0 + 6*b - 1/2*b**3. Give w(-1).
4
Let g be (-8)/12 + (-2)/(-3). Let r(o) = g + 2*o + 1 - 5*o. Let t be r(1). Let n(b) = 3*b**2 + 2*b + 1. Determine n(t).
9
Let w(s) be the second derivative of s**3/6 + s**2 - 12*s. Determine w(-4).
-2
Let g(b) = b**3 + 5*b**2 - 6*b + 2. Let c be g(-6). Let v(o) = 4*o - c*o**2 + 3 - 3*o**2 + 0*o**2 + o**3. Calculate v(4).
3
Suppose 4*r - 9 = -5*d + 14, 3*d - 3 = 3*r. Let m(l) be the third derivative of 0 - 1/12*l**4 + 1/2*l**3 + 6*l**2 + 0*l. Give m(d).
-3
Let n(k) = k**3 + k**2 + k + 1. Let q(s) = 3*s**3 + 3*s**2 + 2*s + 3. Let d(p) = -2*n(p) + q(p). Give d(-1).
1
Let n(i) be the first derivative of i**2/2 - i - 1. Let p be 15/(-10)*(-4)/6. Let g = p + 1. Determine n(g).
1
Let d(i) = 4 + i + i - 6*i. Let j(u) = u - 1. Let l(h) = 2*d(h) + 7*j(h). Determine l(-3).
4
Let h(y) be the second derivative of y**4/3 - y**3/2 + y**2/2 - 2*y. Let w(z) = -z**3 + z**2 - z. Let f(b) = h(b) + w(b). What is f(3)?
7
Suppose d - 1 = -0. Let w(n) = -n**2 + 1. Let i(a) = a**2 + 3. Let t(l) = d*i(l) - 4*w(l). Let g(x) = -x + 5. Let h be g(4). Give t(h).
4
Suppose -2*x - 12 = -4*s, 4*x - 3*s + 8 - 4 = 0. Let c(t) = t + 4*t**2 - t**3 + t**2 + 5 - 2*t**x. What is c(4)?
-7
Let x = -6 - -8. Let a be (-1)/(x/(-12)*2). Let p(i) = i**3 - 2*i**2 - 2*i - 4. Let o be p(a). Let m(q) = 5*q**2 + 1. Calculate m(o).
6
Suppose 0 = 5*u - 1 + 6. Let o(f) = -5*f**3 + 9 - 9 + f. What is o(u)?
4
Suppose 0*b + 6 = -2*b. Let p(c) = c**2 - 6*c - 6. Let j be p(7). Let o(v) = j - 4*v**2 - 1 - v**3 - 2*v. Calculate o(b).
-3
Let o(x) = -x**2 + x - 1. Let c(s) = -6*s**2 + 6*s - 5. Let z(k) = -c(k) + 5*o(k). Give z(1).
0
Let g(p) = -8*p**3 - p